{"id":371,"date":"2018-03-26T22:11:05","date_gmt":"2018-03-26T20:11:05","guid":{"rendered":"https:\/\/lehramt-salzburg.at\/oeh-phs\/?page_id=371"},"modified":"2018-03-26T22:11:05","modified_gmt":"2018-03-26T20:11:05","slug":"sozialfond","status":"publish","type":"page","link":"https:\/\/lehramt-salzburg.at\/oeh-phs\/sozialfond\/","title":{"rendered":"Sozialfond"},"content":{"rendered":"<p>Studieren, Arbeiten, erstmalig selbstst\u00e4ndig sein \u2013 da kann es in Notf\u00e4llen finanziell eng werden. Genau daf\u00fcr gibt es den \u00d6H Sozialfond, um dich in Notf\u00e4llen zu unterst\u00fctzen und dir eine \u00dcberbr\u00fcckungshilfe zu geben, wenn du sie dringend brauchst.<\/p>\n<p>Eine Notlage k\u00f6nnte z.B. sein:\u00a0pl\u00f6tzlich erh\u00f6hte Wohnkosten, Kosten f\u00fcrs Studium, Ausgaben f\u00fcr Versorgung und Betreuung von eigenen Kindern, einmalige Ausgaben f\u00fcr medizinische Behandlungen oder andere Notsituationen, die unverschuldet entstanden sind.<\/p>\n<p>In diesen F\u00e4llen kannst du alle 12 Monate einmalig um eine Unterst\u00fctzung ansuchen. Hierbei gilt folgende Richtlinie der Bundes-\u00d6H: <a href=\"https:\/\/www.oeh.ac.at\/sites\/default\/files\/files\/pages\/richtlinien-oeh-fonds.pdf\">Link<\/a><\/p>\n<p>F\u00fcr alle Sozialf\u00e4lle und Antr\u00e4ge \u00fcbernimmt deine HV der PH Salzburg 1\/3 der Kosten \u2013 so k\u00f6nnen wir dich direkt unterst\u00fctzen.<\/p>\n<p>Weitere Informationen, das Antragsformular und die Richtlinie findest du <a href=\"https:\/\/www.oeh.ac.at\/sozialfonds\">hier<\/a> \u2013 bei Fragen kannst du dich jederzeit an uns wenden.<\/p>\n","protected":false},"excerpt":{"rendered":"<p>Studieren, Arbeiten, erstmalig selbstst\u00e4ndig sein \u2013 da kann es in Notf\u00e4llen finanziell eng werden. Genau daf\u00fcr gibt es den \u00d6H Sozialfond, um dich in Notf\u00e4llen zu unterst\u00fctzen und dir eine \u00dcberbr\u00fcckungshilfe zu geben, wenn du sie dringend brauchst. Eine Notlage k\u00f6nnte z.B. sein:\u00a0pl\u00f6tzlich erh\u00f6hte Wohnkosten, Kosten f\u00fcrs Studium, Ausgaben f\u00fcr Versorgung und Betreuung von eigenen [&hellip;]<\/p>\n","protected":false},"author":3,"featured_media":0,"parent":0,"menu_order":0,"comment_status":"closed","ping_status":"closed","template":"","meta":{"jetpack_post_was_ever_published":false,"tdm_status":"","tdm_grid_status":"","footnotes":""},"class_list":["post-371","page","type-page","status-publish"],"jetpack_sharing_enabled":true,"jetpack_shortlink":"https:\/\/wp.me\/P92EUo-5Z","_links":{"self":[{"href":"https:\/\/lehramt-salzburg.at\/oeh-phs\/wp-json\/wp\/v2\/pages\/371","targetHints":{"allow":["GET"]}}],"collection":[{"href":"https:\/\/lehramt-salzburg.at\/oeh-phs\/wp-json\/wp\/v2\/pages"}],"about":[{"href":"https:\/\/lehramt-salzburg.at\/oeh-phs\/wp-json\/wp\/v2\/types\/page"}],"author":[{"embeddable":true,"href":"https:\/\/lehramt-salzburg.at\/oeh-phs\/wp-json\/wp\/v2\/users\/3"}],"replies":[{"embeddable":true,"href":"https:\/\/lehramt-salzburg.at\/oeh-phs\/wp-json\/wp\/v2\/comments?post=371"}],"version-history":[{"count":1,"href":"https:\/\/lehramt-salzburg.at\/oeh-phs\/wp-json\/wp\/v2\/pages\/371\/revisions"}],"predecessor-version":[{"id":372,"href":"https:\/\/lehramt-salzburg.at\/oeh-phs\/wp-json\/wp\/v2\/pages\/371\/revisions\/372"}],"wp:attachment":[{"href":"https:\/\/lehramt-salzburg.at\/oeh-phs\/wp-json\/wp\/v2\/media?parent=371"}],"curies":[{"name":"wp","href":"https:\/\/api.w.org\/{rel}","templated":true}]}}